Let b be (3 - 2/(-3)*-6)*-2. Suppose 421 = -5*j - u + 1687, -j + 246 = b*u. What is the units digit of j?
4
Let r(t) = 5*t**2 - 3*t - 5 - 1 - 4*t**2 + 0*t**2. Let o be r(5). Let a(k) = -k**3 + 5*k**2 + 5. What is the tens digit of a(o)?
2
Suppose -2249 = -19*g + 11849. What is the units digit of g?
2
Let t = 8 - 4. Let i = 2 - t. What is the units digit of i/(8/12) - -5?
2
Let n(k) = k**3 + 8*k**2 - 3*k + 4313. What is the thousands digit of n(0)?
4
Let b = -705 - -1134. What is the hundreds digit of b?
4
Let n(u) = 9*u**3 - 2. Suppose -4*o - 3 = -5*x, 7*x = 2*o + 5*x. What is the tens digit of n(o)?
4
Suppose 845 = 4*b + 5*x - 731, -5*b + 1970 = -5*x. What is the hundreds digit of b?
3
Suppose -2*w = -130 + 24. Let d = -31 + w. What is the tens digit of d?
2
Let c be -3 - ((-2 + 3 - -2) + -190). Let h be (-6)/21 - (-1182)/21. Suppose -6*u + h = -c. What is the tens digit of u?
4
Let j(g) = 86*g**3 + 2*g**2 - 4*g + 4. What is the tens digit of j(2)?
9
Let i(b) = -b**3 - 6*b**2 + 3. Let h be i(-6). Let r(f) = 0*f**3 - f**h - f - 5*f**2 + 0*f - 3*f. What is the tens digit of r(-5)?
2
Suppose -3*q - 573 = -4*i + 2, 0 = i - 2*q - 140. Let h = i + -14. What is the hundreds digit of h?
1
Suppose 2*y = 2, 3*j - 3*y - 1 = j. Suppose 0 = j*b - 4*b + 288. Suppose 6 = -6*a + b. What is the tens digit of a?
2
Let t(j) = -5*j**2 - 18*j + 2. Let n(r) = 4*r**2 + 44*r - 7*r - 5 + 7*r**2. Let b(m) = -4*n(m) - 9*t(m). What is the units digit of b(-14)?
2
Suppose 0 = -2*s - i + 1224, -7*s + 11*s - 2440 = 2*i. What is the units digit of s?
1
Let w = -1560 - -4929. What is the thousands digit of w?
3
Suppose -3*s + i + 423 = -114, -2*s + 3*i = -351. What is the tens digit of s?
8
Let q(w) = 192*w - 117. What is the hundreds digit of q(4)?
6
Let y(d) = 7*d**2 + 5*d + 19. Let i be y(9). Suppose 5*v + t - i = 0, -373 = -3*v + 4*t + t. What is the units digit of v?
6
Let c(l) = -l**2 - 4*l - 5. Let w(n) = 3*n + 4. Let k(x) = 3*c(x) + 4*w(x). Let r be k(-1). What is the units digit of 1 - (6/r + 0)?
4
Suppose -2*s + 4*o - 412 = -4*s, 663 = 3*s - 3*o. Suppose -6*q - s = -2*q. Let b = q + 105. What is the tens digit of b?
5
Let n = 2880 + -1651. What is the units digit of n?
9
Let u(q) = q + 11. Let v be u(-5). Suppose 4*a = -3*a + 280. Let b = a - v. What is the tens digit of b?
3
Suppose 0 = l + 10 - 0. Let j be (-3 - l/2) + -2. Suppose j = 5*h - 6 - 9. What is the units digit of h?
3
Suppose -70 = 5*g - 10*g. What is the tens digit of (-2790)/(-63) - 4/g?
4
Let c = 17 + -12. Let h be 5 - 3 - (2 - c). Suppose -2*u + 79 = h*q, 4*q = -u + 6*q + 44. What is the tens digit of u?
4
Suppose -63*z = -66*z - 453. Let v = z - -398. What is the tens digit of v?
4
Let r(o) = -45*o**3 - 13*o**2 - 3*o + 9. What is the hundreds digit of r(-4)?
6
Let a = 13 + -9. Suppose 0*b - 204 = -a*m + 2*b, 0 = -m - 2*b + 46. What is the tens digit of m?
5
What is the hundreds digit of (-63)/(-147) + (-22892)/(-28)?
8
Let q be (6 - (-364)/(-63)) + 155/(-9). What is the units digit of 4 - (-3 + 1 + q)?
3
What is the tens digit of (-7995)/(-9) + -2 + (-10)/(-15)?
8
Suppose 4*i - 16 = 6*i. Let y = i - -10. Suppose -3*a + 63 = 2*a - 3*h, 5*a - 67 = y*h. What is the units digit of a?
5
Suppose -3*l + 5*y = 4, 2*y + 18 = 5*l + 6*y. Suppose -3*o + 582 = -x - 2*x, -373 = -l*o - 3*x. What is the units digit of o?
1
Suppose 0 = 3*d - 1277 - 2896. What is the hundreds digit of d?
3
Let l(z) = z**3 - 3*z**2 + 4*z + 3. Let m be (-10)/35 + (-120)/(-28). What is the tens digit of l(m)?
3
Suppose 2*r - 4*v - 254 = 124, -3*r + 3*v = -576. Suppose -s + 62 = -5*h, 5*h + r = 5*s + 3*h. What is the units digit of s?
7
What is the hundreds digit of (1 - -7) + (0 - -340)?
3
Suppose a = 98 - 19. Suppose 0*n = w - 2*n - 94, -w - 3*n + a = 0. What is the tens digit of w?
8
Let p(n) = n**3 - n + 1. Let i be p(1). Let y(g) = 48*g**3 + 2*g**2 - g - 1. What is the units digit of y(i)?
8
Let b(g) = -6*g + 34. Let f(l) = -2*l + 11. Let p(q) = -5*b(q) + 16*f(q). Let j be (-14)/8*-1*-4. What is the units digit of p(j)?
0
Let t = 23 + -21. Suppose -3*z + 281 = 2*z + l, 5*l = t*z - 134. What is the tens digit of z?
5
Suppose 0 = 2*o - 7*o - 5*a + 25, -3*a = -6. Suppose 950 = -o*b + 8*b. What is the hundreds digit of b?
1
Let c(b) = 9*b + 1. Suppose 4*l + 3*a = 83, a = -4*l + 98 - 17. What is the tens digit of c(l)?
8
Suppose 7*k + 19*k - 5564 = 0. What is the hundreds digit of k?
2
Let m = -1540 - -2721. What is the hundreds digit of m?
1
Let h be 682/33 + (-1)/(-3). Suppose z - 3 = -2*z, -h = -2*a + 5*z. What is the tens digit of a?
1
Let a(m) = 7*m**2 + 7*m - 15. Let z(u) = 4*u + 0 - 8 + 12*u**2 - 2*u**2 - 6*u**2. Let s(q) = 3*a(q) - 5*z(q). What is the units digit of s(6)?
7
Let n be 17 - (-5)/(5/2). Let i = n + -15. Suppose 0 = -5*g + 4*t + 69, 0*g - i*t = -2*g + 30. What is the tens digit of g?
1
Let h be (4/10)/((-1)/155). Let w = h + 126. Suppose 5*y = y + w. What is the units digit of y?
6
Let j be (58/6)/((-2)/(-6)). Suppose -5*s = -4*d + j, 2 = -3*s - 1. What is the units digit of d + (1 - 1) + 1?
7
Suppose 0 = -5*g - 5*i + 20, -4*g + g = 5*i - 14. Suppose 4*r - g*w - 176 - 80 = 0, -4*w = 5*r - 320. What is the units digit of r?
4
Let c = 19 + -9. Let o(b) = b - c + 2*b - 7. What is the units digit of o(12)?
9
What is the thousands digit of 4526/4 + 9/18?
1
Let z(y) = -y**2 + 13*y + 34. Let u be z(15). Suppose -j - 4*p = -95, -u*p = 3*j + 44 - 289. What is the tens digit of j?
7
Suppose 0 = 10*b - 1834 - 1686. What is the hundreds digit of b?
3
Suppose -a = -5*h - 1366, 4*a - 8*h + 9*h = 5401. What is the units digit of a?
1
Let q(a) = 1210*a**2 - 8*a + 6. What is the tens digit of q(1)?
0
Suppose -5 = 2*q - 3*q. Suppose -3*i = -q*g + 32, -2*g - i = -0*i - 4. Suppose 5*l - g*l - 9 = 0. What is the units digit of l?
9
Suppose 159*g - 161*g = -2782. What is the thousands digit of g?
1
Let q = 2380 + -1233. What is the thousands digit of q?
1
Let l(k) = -k**3 - 13*k**2 + 4*k - 11. Let r = 9 + -23. What is the hundreds digit of l(r)?
1
Let u = 6 - 4. Suppose 0 = u*n - 0*n + 12. What is the units digit of 15*(18/(-5))/n?
9
Suppose 2*j + 397 = 1077. Suppose 18*d + j = 23*d. What is the tens digit of d?
6
Let m = -392 + 666. What is the tens digit of m?
7
Let g(u) = -u**3 + 47*u**2 + 54*u + 33. What is the units digit of g(48)?
1
Suppose 3 = i + a, a - 4*a + 15 = 0. Let u = i - -32. What is the units digit of u?
0
Let m(o) = o**2 - o - 20. Let l be m(-4). What is the tens digit of (-1)/(-4) - (71/(-4) - l)?
1
Suppose 1105 = w - 273. What is the tens digit of w?
7
Suppose 0 = -9*b - 21 + 21. Let a = 9 - 5. Suppose 8*g - a*g - 88 = b. What is the tens digit of g?
2
Let f be (-6)/(-15) + 96/(-15). Let x(z) = z**2 + z - 12. What is the tens digit of x(f)?
1
Let i be (-48)/(-40)*((-20)/6 + 0). What is the units digit of (16/i - -2)*(-58)/4?
9
Suppose -15*p = 2660 - 23120. What is the hundreds digit of p?
3
Let w be 52/(-10) + 5/25. Let x = w + 8. Suppose -4*b = -p - 94, -b = -x*p - 14 - 4. What is the tens digit of b?
2
Let z(i) = -8*i**3 - 7*i**2 + 4*i - 2. Let c(w) = 8*w**3 + 6*w**2 - 3*w + 2. Let f(o) = -5*c(o) - 4*z(o). What is the tens digit of f(-2)?
5
Let m(q) = -q**2 - 6*q + 115. What is the tens digit of m(-11)?
6
Suppose -n + 2 = p, 3*n + 8*p = 3*p + 4. Suppose n*s = 4*s - 2. Suppose -4*q = s*k - 116, 3*k + 134 = 2*q + 3*q. What is the units digit of q?
8
Let b = 1 + 43. Suppose -150 = -b*a + 39*a. What is the units digit of a?
0
Let a = 2321 - 1232. What is the hundreds digit of a?
0
Suppose -2*b + 0*b + 16 = 3*g, -2*b + 4 = 0. Let p be (-2 + g)/((-4)/(-10)). Suppose v - 4*y + 90 = 4*v, -5*v - p*y = -150. What is the tens digit of v?
3
Suppose 0 = -15*a + 14*a + 3. Suppose -a*g = 3*j - 17 - 4, 0 = -3*j + 6. What is the units digit of g?
5
Suppose 5*p + 3779 = -22*v + 26*v, 4*v - 2*p = 3782. What is the units digit of v?
6
Suppose 5*k = 2*w + 77, 2*k + w - 15 = 23. Suppose 16*q + 208 = k*q. What is the hundreds digit of q?
2
Suppose 3*w + 30 = -2*g, 2*g + 3*g - 2*w + 37 = 0. What is the units digit of ((-9)/(-4))/(g/(-312))?
8
Let d = 34 + -30. Let x = -12 + 22. What is the tens digit of (x/(-3))/(d/(-18))?
1
Let x = 2530 - 322. What is the units digit of x?
8
Suppose -9*t + 4*t = -3620. Suppose t = 4*p + 88. What is t